 remainder when 4958015 is divided by 936?
23
What is the remainder when 5670725 is divided by 524?
521
What is the remainder when 9789340 is divided by 4894645?
50
What is the remainder when 440262 is divided by 20959?
123
What is the remainder when 35259330 is divided by 323480?
10
Calculate the remainder when 86982565 is divided by 2416182.
13
What is the remainder when 4478281 is divided by 6615?
6541
Calculate the remainder when 8118144 is divided by 11.
1
Calculate the remainder when 264865 is divided by 2147.
784
Calculate the remainder when 190158 is divided by 63381.
15
Calculate the remainder when 12000660 is divided by 12.
0
What is the remainder when 16263 is divided by 452?
443
What is the remainder when 184430 is divided by 1921?
14
What is the remainder when 14870231 is divided by 724?
719
Calculate the remainder when 86834 is divided by 86668.
166
What is the remainder when 24407406 is divided by 1016975?
6
Calculate the remainder when 3398860 is divided by 1508.
1336
Calculate the remainder when 343634 is divided by 170526.
2582
What is the remainder when 104038 is divided by 3147?
187
What is the remainder when 3183537 is divided by 1164?
1161
Calculate the remainder when 784969 is divided by 418.
383
What is the remainder when 1684404 is divided by 30624?
84
Calculate the remainder when 9571106 is divided by 732.
206
Calculate the remainder when 2872803 is divided by 474.
363
What is the remainder when 1027860 is divided by 2408?
2052
What is the remainder when 117030724 is divided by 797?
41
What is the remainder when 772461 is divided by 124?
65
Calculate the remainder when 713253 is divided by 956.
77
What is the remainder when 380198 is divided by 3?
2
Calculate the remainder when 5743818 is divided by 1914584.
66
What is the remainder when 12022313 is divided by 938?
905
Calculate the remainder when 802604 is divided by 291.
26
Calculate the remainder when 2853745 is divided by 407585.
650
What is the remainder when 17674309 is divided by 497?
492
What is the remainder when 1530983 is divided by 443?
418
What is the remainder when 240371 is divided by 80?
51
What is the remainder when 44677956 is divided by 6882?
12
Calculate the remainder when 98824881 is divided by 27.
21
Calculate the remainder when 3045224 is divided by 78074.
338
Calculate the remainder when 40392699 is divided by 4756.
4747
Calculate the remainder when 61590 is divided by 1284.
1242
Calculate the remainder when 6805926 is divided by 70895.
6
What is the remainder when 6927636 is divided by 2209?
212
What is the remainder when 12310843 is divided by 946980?
103
Calculate the remainder when 1694560 is divided by 18621.
49
What is the remainder when 17279077 is divided by 52?
49
Calculate the remainder when 1766837 is divided by 883378.
81
Calculate the remainder when 265774 is divided by 66334.
438
Calculate the remainder when 1514202 is divided by 378318.
930
What is the remainder when 1412037 is divided by 1432?
85
Calculate the remainder when 2370823 is divided by 568.
559
What is the remainder when 3674463 is divided by 216141?
66
Calculate the remainder when 1121025 is divided by 140128.
1
Calculate the remainder when 157524 is divided by 233.
16
What is the remainder when 5004746 is divided by 128324?
110
What is the remainder when 145544513 is divided by 34?
33
What is the remainder when 4080282 is divided by 115?
82
What is the remainder when 24965 is divided by 11891?
1183
Calculate the remainder when 1006974 is divided by 17.
13
Calculate the remainder when 7451 is divided by 7448.
3
Calculate the remainder when 824173 is divided by 137353.
55
Calculate the remainder when 23895830 is divided by 2389583.
0
Calculate the remainder when 4776967 is divided by 37320.
7
What is the remainder when 42725 is divided by 371?
60
Calculate the remainder when 1872244 is divided by 205.
184
Calculate the remainder when 345445 is divided by 6303.
5083
What is the remainder when 14263 is divided by 656?
487
What is the remainder when 1270200 is divided by 37?
27
What is the remainder when 722551 is divided by 54?
31
Calculate the remainder when 922801 is divided by 307391.
628
Calculate the remainder when 796507 is divided by 2176.
91
What is the remainder when 18113063 is divided by 515?
513
What is the remainder when 858493 is divided by 317?
57
Calculate the remainder when 4356903 is divided by 484097.
30
Calculate the remainder when 948646 is divided by 7413.
7195
Calculate the remainder when 341345 is divided by 113471.
932
What is the remainder when 221621 is divided by 1802?
1777
What is the remainder when 2426 is divided by 302?
10
What is the remainder when 748463 is divided by 365?
213
Calculate the remainder when 76290763 is divided by 620250.
13
What is the remainder when 70427052 is divided by 11737837?
30
Calculate the remainder when 66155 is divided by 1100.
155
Calculate the remainder when 8341592 is divided by 23.
21
What is the remainder when 4330266 is divided by 240570?
6
Calculate the remainder when 571909 is divided by 1330.
9
What is the remainder when 7940554 is divided by 1588001?
549
What is the remainder when 6060089 is divided by 466148?
165
What is the remainder when 103295 is divided by 97?
87
What is the remainder when 4471428 is divided by 29225?
3
What is the remainder when 3333690 is divided by 2049?
2016
Calculate the remainder when 569085 is divided by 189686.
27
What is the remainder when 5454814 is divided by 1078?
134
Calculate the remainder when 1596240 is divided by 669.
6
Calculate the remainder when 9011389 is divided by 1063.
338
What is the remainder when 2741245 is divided by 1093?
1
Calculate the remainder when 1931643 is divided by 128.
123
What is the remainder when 1491401 is divided by 26630?
121
Calculate the remainder when 872888 is divided by 845.
3
What is the remainder when 621510 is divided by 918?
24
What is the remainder when 139851 is divided by 17480?
11
Calculate the remainder when 220473 is divided by 520.
513
What is the remainder when 1893680 is divided by 545?
350
What is the remainder when 1258494 is divided by 502?
482
What is the remainder when 303037438 is divided by 5609?
5604
Calculate the remainder when 2578668 is divided by 342.
330
What is the remainder when 44714892 is divided by 132?
24
Calculate the remainder when 21124158 is divided by 1051.
109
Calculate the remainder when 1790343 is divided by 198919.
72
Calculate the remainder when 1574131 is divided by 3259.
34
What is the remainder when 75956984 is divided by 13?
12
Calculate the remainder when 168503 is divided by 2055.
2048
Calculate the remainder when 85438 is divided by 788.
334
What is the remainder when 2282697 is divided by 63408?
9
What is the remainder when 69850917 is divided by 860?
857
Calculate the remainder when 619408 is divided by 309674.
60
Calculate the remainder when 517364 is divided by 517331.
33
Calculate the remainder when 1489082447 is divided by 25.
22
Calculate the remainder when 640895488 is divided by 13.
12
What is the remainder when 3640598 is divided by 26?
0
What is the remainder when 55412 is divided by 2049?
89
What is the remainder when 73672 is divided by 18088?
1320
Calculate the remainder when 114991 is divided by 14.
9
What is the remainder when 3054863 is divided by 20780?
203
Calculate the remainder when 13640971 is divided by 1548.
1543
What is the remainder when 851363 is divided by 196?
135
Calculate the remainder when 1146487 is divided by 286614.
31
Calculate the remainder when 638262 is divided by 63802.
242
What is the remainder when 1526305 is divided by 44889?
79
What is the remainder when 16503156 is divided by 538?
6
What is the remainder when 101191159 is divided by 28?
27
What is the remainder when 1507916 is divided by 466?
406
What is the remainder when 336291 is divided by 306?
303
What is the remainder when 56389 is divided by 27036?
2317
Calculate the remainder when 143342858 is divided by 295.
293
What is the remainder when 107143 is divided by 3678?
481
What is the remainder when 62490291 is divided by 1636?
1635
What is the remainder when 1511325 is divided by 1511305?
20
What is the remainder when 582354 is divided by 3896?
1850
Calculate the remainder whe